{"id":8044,"date":"2022-11-04T14:57:12","date_gmt":"2022-11-04T14:57:12","guid":{"rendered":"http:\/\/soindus.srtv.cl\/?post_type=product&#038;p=8044"},"modified":"2022-11-09T18:45:52","modified_gmt":"2022-11-09T18:45:52","slug":"soluciones-sharepoint","status":"publish","type":"product","link":"https:\/\/soindus.com\/index.php\/producto\/soluciones-sharepoint\/","title":{"rendered":"Soluciones SharePoint"},"content":{"rendered":"<div class=\"itemIntroText\">\n<div>\n<ul>\n<li><b>Plataforma de colaboraci\u00f3n empresarial<\/b> para implementar soluciones de negocio, que permitan mejorar la productividad y compartir contenido.<\/li>\n<li><b>Incluida en Office365<\/b> entregando una base robusta de Microsoft y segura para la informaci\u00f3n.<\/li>\n<li>Protege los datos corporativos con un perfilamiento de grupos de accesos y un login gen\u00e9rico con la cuenta corporativa.<\/li>\n<li><b>Sharepoint Online es una solucion Cloud.<\/b><\/li>\n<\/ul>\n<\/div>\n<table style=\"margin-top: 50px;\">\n<tbody>\n<tr>\n<td style=\"text-align: center;\"><img decoding=\"async\" style=\"--smush-placeholder-width: 182px; --smush-placeholder-aspect-ratio: 182\/216;width: 80px;\" data-src=\"\/wp-content\/uploads\/2022\/11\/Imagen18.png\" src=\"data:image\/svg+xml;base64,PHN2ZyB3aWR0aD0iMSIgaGVpZ2h0PSIxIiB4bWxucz0iaHR0cDovL3d3dy53My5vcmcvMjAwMC9zdmciPjwvc3ZnPg==\" class=\"lazyload\" \/><\/p>\n<p><b style=\"color: #0078d7;\">PROPUESTA DE VALOR<\/b><\/p>\n<p style=\"text-align: justify;\">Ofrece la capacidad de soluciones de negocio avanzadas con todas las car\u00e1cter\u00edsticas de:<\/p>\n<p><img decoding=\"async\" style=\"--smush-placeholder-width: 465px; --smush-placeholder-aspect-ratio: 465\/207;width: 250px;\" data-src=\"\/wp-content\/uploads\/2022\/11\/Imagen19.jpg\" src=\"data:image\/svg+xml;base64,PHN2ZyB3aWR0aD0iMSIgaGVpZ2h0PSIxIiB4bWxucz0iaHR0cDovL3d3dy53My5vcmcvMjAwMC9zdmciPjwvc3ZnPg==\" class=\"lazyload\" \/><\/td>\n<td>\n<ul>\n<li>Gestor documental colaborativo para compartir de forma segura la informaci\u00f3n en la empresa.<\/li>\n<li>Flujos de trabajo personalizados seg\u00fan l\u00f3gicas de negocio. Ej. Aprobaciones, revisiones, liberaciones, etc.<\/li>\n<li>Sitios responsivos: capacidad de generar sitios sin necesidad de un servidor local, se utiliza la infraestructura que posee sharepoint.<\/li>\n<li>Aplicaciones m\u00f3viles: Desarrollo con tecnolog\u00edas m\u00f3viles para soluciones de negocio (Android, IOS, Windows Phone)<\/li>\n<li>M\u00faltiples integraciones: Permite integraciones con otros sistemas mediante conexi\u00f3n con API.<\/li>\n<li>An\u00e1lisis de datos: Se integra con aplicaciones de anal\u00edtica de datos como PowerBi y Excel.<\/li>\n<\/ul>\n<\/td>\n<\/tr>\n<\/tbody>\n<\/table>\n<table style=\"margin-top: 30px;\">\n<tbody>\n<tr>\n<td style=\"text-align: center;\" colspan=\"2\"><b>Gestor documental corporativo<\/b><\/p>\n<p><i>Sharepoint Online &#8211; Integraci\u00f3n OneDrive &#8211; Responsivo<\/i><\/td>\n<\/tr>\n<tr>\n<td style=\"padding: 30px;\"><img decoding=\"async\" data-src=\"\/wp-content\/uploads\/2022\/11\/4.png\" src=\"data:image\/svg+xml;base64,PHN2ZyB3aWR0aD0iMSIgaGVpZ2h0PSIxIiB4bWxucz0iaHR0cDovL3d3dy53My5vcmcvMjAwMC9zdmciPjwvc3ZnPg==\" class=\"lazyload\" style=\"--smush-placeholder-width: 1291px; --smush-placeholder-aspect-ratio: 1291\/709;\" \/><\/td>\n<td style=\"padding: 30px;\"><\/td>\n<\/tr>\n<\/tbody>\n<\/table>\n<table style=\"margin-top: 30px;\">\n<tbody>\n<tr>\n<td style=\"text-align: center;\"><b>Gestor de Creaci\u00f3n de Clientes<\/b><\/p>\n<p><i>Sharepoint Online &#8211; Integraci\u00f3n OneDrive \u2013 Flujos de trabajo \u2013 Aplicaci\u00f3n m\u00f3vil<\/i><\/td>\n<\/tr>\n<tr>\n<td style=\"padding: 30px;\"><img decoding=\"async\" data-src=\"\/wp-content\/uploads\/2022\/11\/Imagen23.png\" src=\"data:image\/svg+xml;base64,PHN2ZyB3aWR0aD0iMSIgaGVpZ2h0PSIxIiB4bWxucz0iaHR0cDovL3d3dy53My5vcmcvMjAwMC9zdmciPjwvc3ZnPg==\" class=\"lazyload\" style=\"--smush-placeholder-width: 1189px; --smush-placeholder-aspect-ratio: 1189\/385;\" \/><\/td>\n<\/tr>\n<\/tbody>\n<\/table>\n<table id=\"tablashareponit3\" style=\"margin-top: 30px;\">\n<tbody>\n<tr>\n<td style=\"text-align: center;\" colspan=\"4\"><i>Sistema de creaci\u00f3n de clientes \u2013 Aplicaci\u00f3n m\u00f3vil<\/i><\/td>\n<\/tr>\n<tr>\n<td><img decoding=\"async\" data-src=\"\/wp-content\/uploads\/2022\/11\/2.png\" src=\"data:image\/svg+xml;base64,PHN2ZyB3aWR0aD0iMSIgaGVpZ2h0PSIxIiB4bWxucz0iaHR0cDovL3d3dy53My5vcmcvMjAwMC9zdmciPjwvc3ZnPg==\" class=\"lazyload\" style=\"--smush-placeholder-width: 377px; --smush-placeholder-aspect-ratio: 377\/645;\" \/><\/td>\n<td><img decoding=\"async\" data-src=\"\/wp-content\/uploads\/2022\/11\/3.png\" src=\"data:image\/svg+xml;base64,PHN2ZyB3aWR0aD0iMSIgaGVpZ2h0PSIxIiB4bWxucz0iaHR0cDovL3d3dy53My5vcmcvMjAwMC9zdmciPjwvc3ZnPg==\" class=\"lazyload\" style=\"--smush-placeholder-width: 377px; --smush-placeholder-aspect-ratio: 377\/645;\" \/><\/td>\n<td><\/td>\n<td>\n<ul>\n<li><b>Implementaci\u00f3n de Modo Offline<\/b><\/li>\n<li><b>Integraci\u00f3n C\u00e1mara<\/b><\/li>\n<li><b>Integraci\u00f3n GPS<\/b><\/li>\n<\/ul>\n<\/td>\n<\/tr>\n<\/tbody>\n<\/table>\n<table style=\"margin-top: 30px;\">\n<tbody>\n<tr>\n<td style=\"text-align: center;\" colspan=\"2\"><b>Intranet \u00c1rea Capacitaci\u00f3n <\/b><\/p>\n<p><i>Sharepoint Online<\/i><\/td>\n<\/tr>\n<tr>\n<td style=\"vertical-align: top; padding: 10px;\"><img decoding=\"async\" data-src=\"\/wp-content\/uploads\/2022\/11\/1.png\" src=\"data:image\/svg+xml;base64,PHN2ZyB3aWR0aD0iMSIgaGVpZ2h0PSIxIiB4bWxucz0iaHR0cDovL3d3dy53My5vcmcvMjAwMC9zdmciPjwvc3ZnPg==\" class=\"lazyload\" style=\"--smush-placeholder-width: 1186px; --smush-placeholder-aspect-ratio: 1186\/541;\" \/><\/td>\n<td style=\"vertical-align: top; padding: 10px;\"><img decoding=\"async\" data-src=\"\/wp-content\/uploads\/2022\/11\/5.png\" src=\"data:image\/svg+xml;base64,PHN2ZyB3aWR0aD0iMSIgaGVpZ2h0PSIxIiB4bWxucz0iaHR0cDovL3d3dy53My5vcmcvMjAwMC9zdmciPjwvc3ZnPg==\" class=\"lazyload\" style=\"--smush-placeholder-width: 454px; --smush-placeholder-aspect-ratio: 454\/515;\" \/><\/td>\n<\/tr>\n<\/tbody>\n<\/table>\n<table style=\"margin-top: 30px;\">\n<tbody>\n<tr>\n<td style=\"text-align: center;\"><b>Dashboard KPI<\/b><\/p>\n<p><i>Sharepoint online &#8211; PowerBI<\/i><\/td>\n<\/tr>\n<tr>\n<td style=\"vertical-align: top; padding: 10px;\"><img decoding=\"async\" data-src=\"\/wp-content\/uploads\/2022\/11\/Imagen29.png\" src=\"data:image\/svg+xml;base64,PHN2ZyB3aWR0aD0iMSIgaGVpZ2h0PSIxIiB4bWxucz0iaHR0cDovL3d3dy53My5vcmcvMjAwMC9zdmciPjwvc3ZnPg==\" class=\"lazyload\" style=\"--smush-placeholder-width: 1227px; --smush-placeholder-aspect-ratio: 1227\/758;\" \/><\/td>\n<\/tr>\n<\/tbody>\n<\/table>\n<\/div>\n","protected":false},"excerpt":{"rendered":"<p>Plataforma de colaboraci\u00f3n empresarial para implementar soluciones de negocio, que permitan mejorar la productividad y compartir contenido. Incluida en Office365 entregando una base robusta de Microsoft y segura para la informaci\u00f3n. Protege los datos corporativos con un perfilamiento de grupos de accesos y un login gen\u00e9rico con la cuenta corporativa. Sharepoint Online es una solucion&#8230;<\/p>\n","protected":false},"featured_media":8355,"template":"","meta":{"_acf_changed":false},"product_brand":[],"product_cat":[15],"product_tag":[],"class_list":{"0":"post-8044","1":"product","2":"type-product","3":"status-publish","4":"has-post-thumbnail","6":"product_cat-productos","8":"first","9":"instock","10":"taxable","11":"shipping-taxable","12":"product-type-simple"},"acf":[],"_links":{"self":[{"href":"https:\/\/soindus.com\/index.php\/wp-json\/wp\/v2\/product\/8044","targetHints":{"allow":["GET"]}}],"collection":[{"href":"https:\/\/soindus.com\/index.php\/wp-json\/wp\/v2\/product"}],"about":[{"href":"https:\/\/soindus.com\/index.php\/wp-json\/wp\/v2\/types\/product"}],"wp:featuredmedia":[{"embeddable":true,"href":"https:\/\/soindus.com\/index.php\/wp-json\/wp\/v2\/media\/8355"}],"wp:attachment":[{"href":"https:\/\/soindus.com\/index.php\/wp-json\/wp\/v2\/media?parent=8044"}],"wp:term":[{"taxonomy":"product_brand","embeddable":true,"href":"https:\/\/soindus.com\/index.php\/wp-json\/wp\/v2\/product_brand?post=8044"},{"taxonomy":"product_cat","embeddable":true,"href":"https:\/\/soindus.com\/index.php\/wp-json\/wp\/v2\/product_cat?post=8044"},{"taxonomy":"product_tag","embeddable":true,"href":"https:\/\/soindus.com\/index.php\/wp-json\/wp\/v2\/product_tag?post=8044"}],"curies":[{"name":"wp","href":"https:\/\/api.w.org\/{rel}","templated":true}]}}